(k) = -k**3 + 10*k**2 + 4*k - 2. Let f be l(3). Suppose 2*m - 15 = f. Calculate the remainder when m is divided by 15.
14
Let o(u) = 497*u + 4530. What is the remainder when o(-9) is divided by 33?
24
Let w(s) = -6*s + 35. Suppose n + 78 = 3*j - 2*n, 15 = -3*n. What is the remainder when w(-6) is divided by j?
8
Let h be 2 - (1 - (-4)/(-1)). Let q = -144 + 214. Suppose 2*o + 5*b - 50 = -2*o, q = 4*o - h*b. Calculate the remainder when 102 is divided by o.
12
Suppose v - 79 = -73. Suppose 0 = -2*q, -3*x = -2*q + v*q - 516. What is the remainder when x is divided by 16?
12
Let b = 46 - 27. Suppose 177 - 53 = 13*q - 2*g, 72 = 4*q - 4*g. Calculate the remainder when b is divided by q.
3
Suppose -3494*c + 3492*c = -758. Calculate the remainder when 2625 is divided by c.
351
Let l(y) = 6*y + 9. Let h(c) = 8*c + 10. Let d(p) = -5*h(p) + 6*l(p). Let t be d(0). What is the remainder when t*(279/(-54))/((-2)/3) is divided by 7?
3
Suppose -4*v + 119*x = 117*x - 72, -3*v + 45 = -3*x. What is the remainder when 94 is divided by v?
10
Calculate the remainder when (2 + -1)*(-6)/10 - (-509773)/605 is divided by 12.
2
Suppose -5*a + 3*m + 35 = 0, -3*a + 3*m = -16 + 1. Let j = -168 - -199. Suppose j*n - 511 = 16. Calculate the remainder when n is divided by a.
7
Suppose 0 = -5*r + 61 - 16. Calculate the remainder when 75 is divided by 633/24 - r/(-120)*-5.
23
Let p(b) = b**3 - 3*b**2 - 24*b + 24. Let u be p(5). Suppose 2*z - 128 = 6. Let d = z + u. Calculate the remainder when d is divided by 6.
3
Let a = -573 + 987. What is the remainder when a is divided by 230?
184
Let m = -26859 - -27452. Calculate the remainder when m is divided by 561.
32
Let r = 1066 - 1055. Let m = 100 - -9. Calculate the remainder when m is divided by r.
10
Let b = -463 + 574. Calculate the remainder when 321 is divided by b.
99
Suppose -429 = -3*r + 4*n, -5*r + 3*n - 4075 + 4801 = 0. Calculate the remainder when 180 is divided by r.
33
Suppose 0 = a + 10 - 13. Suppose -q - 24 = -a*q. Calculate the remainder when q is divided by (-462)/(-63) - (2/6 + 0).
5
Suppose -8*h = -15*h - 39760. Calculate the remainder when 4/(-20) + h/(-25) is divided by 62.
41
Let u = -120 + 129. Let w be 444/42 - u/(-21)*1. Let q = 46 + w. What is the remainder when q is divided by 32?
25
Let j be (-9 + 3)*(-1)/(1 - -1). Let u be (-1)/j*-6 + 2/1. Suppose 2*w - 5*w + 48 = u*y, 15 = w + y. Calculate the remainder when w is divided by 8.
4
Suppose b = 5*j - 2278, 176 = -20*b - 2*b. Calculate the remainder when 1384 is divided by j.
22
Let c = 11 - 8. Suppose -r - 27 = -4*h, -2*h - r = c*h - 45. Let j(w) = -2*w + 29. What is the remainder when j(4) is divided by h?
5
Suppose 154 = t + 4*x - 174, 2*x = 4*t - 1366. What is the remainder when t is divided by 20?
0
Suppose 3*z - 5 = 22. Suppose 0 = 3*n + 2*p - 388, 256 = 2*n + 2*p - 0*p. Let h = n - 97. What is the remainder when h is divided by z?
8
Let s(i) = -i**2 + 4*i + 162. Let q be s(0). Let x = 310 - q. Calculate the remainder when x is divided by 25.
23
Let j(v) = -v**2 + 35*v + 48. Let i be j(29). Let n = 238 - i. Calculate the remainder when 57 is divided by n.
9
Suppose 3*m + 4*s + 10 = -33, -4*m + 5*s - 16 = 0. Let k(j) = 5*j + 56. Calculate the remainder when k(m) is divided by 7.
4
Suppose 0 = -b - 5*x + 50 + 38, 4*x = -5*b + 377. Suppose -120 = -5*k + 5*y, -2*k - 2*y - 41 = -b. What is the remainder when 98 is divided by k?
18
What is the remainder when (-10 - -11) + (705 + -1 - 3) - 4 is divided by 215?
53
Let f be 8/(-20)*(-3280)/(-2). Suppose 52*k - 3913 = -845. Calculate the remainder when k is divided by 6/33 + f/(-22).
29
Let d = -117 + 155. Suppose -2*j + 14 = n, -3*n - 4*j + 0*j + d = 0. What is the remainder when 46 is divided by n?
6
Calculate the remainder when 1545 is divided by 20/(-45)*(120/16)/(-5)*291.
187
Calculate the remainder when 298 is divided by 2/(-6) - (24 - 14725/75).
126
Let s(u) = -3*u - 28. Let i be s(-15). Let p(j) = 3*j - 51. Let x be p(i). Suppose -6*k + 140 + 16 = x. Calculate the remainder when 181 is divided by k.
25
Let s(o) = o**3 - 34*o**2 - o + 34. Let f be s(34). Let k(w) = -3*w - 4. What is the remainder when k(-11) is divided by (f + 7/7)*13?
3
Let z be (-5)/55 + (-67)/(-11). Suppose -3*c + z*c - q = -9, q = 4*c + 11. Calculate the remainder when 129 is divided by (-1 - (c + 2)) + 104/8.
9
What is the remainder when 18395 is divided by (82/10 + -1)/((-21 - 0)/(-735))?
251
Suppose -z + v = -227, -z = 4*v - 54 - 163. Suppose 5*i - z = -4*l, -4*i + 112 = 2*l - 8. Let n = -16 + 31. What is the remainder when l is divided by n?
5
Let x be (-142)/(-5)*(-6 - (-7)/2). Let h = x - -82. Calculate the remainder when 34 is divided by h.
1
Let u = 263 + -615. Let v = 376 + u. What is the remainder when 262 is divided by v?
22
Suppose 2*m = -4*c + 22, -m = c - 35 + 21. Suppose 0 = 4*j + 13 - 29. Suppose -4 = j*k, h + k - 52 = 4*k. What is the remainder when h is divided by m?
15
Let u(f) = -707*f - 1149. What is the remainder when u(-8) is divided by 92?
91
Let t(s) = -2*s**3 + s**2 - 3*s - 4. Suppose 60*w + 87 = 10*w + 3187. What is the remainder when w is divided by t(-2)?
18
Let x(u) = 2*u + 52. Let n be x(-23). Suppose 0 = n*w + 385 + 167. Let o = -14 - w. Calculate the remainder when o is divided by 27.
24
Suppose -2*y - 4*a + 341 = -79, 4*a + 600 = 3*y. Let z = y + -119. Let w = z - 52. Calculate the remainder when w is divided by 7.
5
Let l(r) = 11 + 23*r + 3*r**2 - 6*r - 2*r**2. Let h be l(-7). Let u = h - -88. Calculate the remainder when 115 is divided by u.
28
Suppose -50 + 4 = -2*k. Let i(w) = 2*w**2 + 9*w - 3. Let t be i(-5). Suppose v + 3*j - 1 = -t, 0 = 3*j + 15. What is the remainder when k is divided by v?
9
Let p = 52 + -48. Suppose 0 = p*t - 4*n - n - 44, 0 = 5*t + 4*n - 96. Let x = -132 - -173. Calculate the remainder when x is divided by t.
9
Let n(a) = a**3 - 4*a**2 - 18*a + 14. Let t be n(7). Suppose 5*q + 15 + t = 5*z, 7 = z - 4*q. Calculate the remainder when 96 is divided by z.
8
Suppose 15*j = -5*j + 82 + 1178. What is the remainder when j is divided by 8?
7
Calculate the remainder when (-13 + 2)/((-3)/30) is divided by (5412/4510)/((-1)/((-10)/3)).
2
Let l(y) = -y**2 - 13*y + 10. Suppose -5*o - 1 = 74. Let z be l(o). Let x = -5 - z. Calculate the remainder when 42 is divided by x.
12
Let w(p) = -p**2 + 17*p + 10. Suppose 2*a = 2*d - 1398, a - 2105 = -23*d + 20*d. What is the remainder when d is divided by w(16)?
25
Let b(u) = u**3 - 5*u**2 + 5*u - 5. Suppose 297*f - 390 = -6*l + 294*f, -l + 3*f + 79 = 0. Calculate the remainder when l is divided by b(5).
7
Let q be 162 + 1*(0 + -3). Suppose -21*f + q + 261 = 0. What is the remainder when 81 + -4 - (0 + 1) is divided by f?
16
Let h = 98 + -96. Suppose -33 = -i - 5*x, x - h*x - 22 = -2*i. Calculate the remainder when 23 is divided by i.
10
Suppose -5*z - 180*p + 183*p = -232, -4*z = -2*p - 184. What is the remainder when 785 is divided by z?
37
Let d(z) = z**2 - z - 35. Let m be d(-6). Suppose 88 = 3*f - 4*u, 4*f + m*u = 10*u + 108. Calculate the remainder when f is divided by 13.
11
Suppose -2*v = 2*v + 2*f - 128, 2*v - f = 60. Let p = -907 + 1393. Calculate the remainder when 8/32 - p/(-8) is divided by v.
30
Let l be (354/(-18))/(1 - (-11)/(-12)). Let g = 250 + l. What is the remainder when 53 is divided by g?
11
Let j = -151 + 132. Let i = -7 - j. Suppose 10 = -5*s, -6 - 36 = -w - s. Calculate the remainder when w is divided by i.
8
What is the remainder when 346 is divided by 17 - 1 - (-6 + 2 - -4)?
10
Suppose 5*q + 5*b - 75 = -0*b, -2*q - 5*b + 30 = 0. Let s = q - -18. Let z(y) = 41*y + 9. What is the remainder when s is divided by z(0)?
6
Suppose -4*d + 58 = 10. Let t = -114 - -229. Suppose 4*f = -3*b + 191, 4*f - t - 75 = -2*b. What is the remainder when f is divided by d?
11
Let r(j) = 15*j**2 - 255*j + 41. Calculate the remainder when r(17) is divided by 28.
13
Let p = -11 - -11. Suppose 4*w - 3*w + 8 = 2*d, -w + 4*d - 6 = p. Calculate the remainder when 13 is divided by -21*(w/6)/5.
6
Let t(l) = 33*l**3 - 49*l**2 + 195*l - 7. Calculate the remainder when t(4) is divided by 18.
13
Let n(o) = -12*o - 354. Let w(g) = g - 27. Let h be w(7). Let y = h - -34. What is the remainder when n(-34) is divided by y?
12
Let u be 32/24*(-36)/16. C